{"id":1022,"date":"2023-01-26T18:10:40","date_gmt":"2023-01-26T17:10:40","guid":{"rendered":"http:\/\/olympeconseil.fr\/?page_id=1022"},"modified":"2026-02-25T14:37:20","modified_gmt":"2026-02-25T13:37:20","slug":"la-liste-de-nos-formations","status":"publish","type":"page","link":"https:\/\/olympeconseil.fr\/?page_id=1022","title":{"rendered":">>> Nos formations"},"content":{"rendered":"<p>[et_pb_section fb_built=\u00a0\u00bb1&Prime; _builder_version=\u00a0\u00bb4.5.3&Prime;][et_pb_row _builder_version=\u00a0\u00bb4.5.3&Prime; width=\u00a0\u00bb71%\u00a0\u00bb custom_padding=\u00a0\u00bb|||21px||\u00a0\u00bb][et_pb_column type=\u00a0\u00bb4_4&Prime; _builder_version=\u00a0\u00bb4.5.3&Prime; custom_padding=\u00a0\u00bb|||\u00a0\u00bb custom_padding__hover=\u00a0\u00bb|||\u00a0\u00bb][et_pb_text _builder_version=\u00a0\u00bb4.5.3&Prime; _module_preset=\u00a0\u00bbdefault\u00a0\u00bb]<\/p>\n<p>&nbsp;<\/p>\n<div class=\"et_pb_text_inner\">\n<div data-shortcode-id=\"0.2.0.0-1728901723569\" data-quickaccess-editable=\"yes\" class=\"et-fb-popover-tinymce\">\n<div class=\"mce-content-body\" contenteditable=\"true\">\n<h1><span style=\"color: #55a9a2;\"><strong>Nos formations<\/strong><\/span><\/h1>\n<p><span style=\"font-size: large;\">Olympe \u00e9labore des formations\u00a0et ateliers de sensibilisation en fonction de vos besoins et de vos publics, en pr\u00e9sentiel et en distanciel.\u00a0<a href=\"http:\/\/olympeconseil.fr\/?page_id=101\">Contactez-nous<\/a> pour en discuter ensemble et \u00e9laborer une formation sur-mesure.<\/span><\/p>\n<p>&nbsp;<\/p>\n<p><span style=\"font-size: large;\"><strong>\ud83d\udccc Nos champs d&rsquo;intervention<\/strong><\/span><\/p>\n<ul>\n<li><span style=\"font-size: large;\"> l&rsquo;\u00e9galit\u00e9 professionnelle entre les femmes et les hommes, <\/span><\/li>\n<li><span style=\"font-size: large;\">l&rsquo;\u00e9galit\u00e9 entre les femmes et les hommes dans les politiques publiques, <\/span><\/li>\n<li><span style=\"font-size: large;\">la lutte contre les violences sexistes et sexuelles au travail, <\/span><\/li>\n<li><span style=\"font-size: large;\">la lutte contre les discriminations au travail.<\/span><\/li>\n<\/ul>\n<p><span style=\"font-size: large;\">Vous pouvez t\u00e9l\u00e9charger notre catalogue de formation <a href=\"http:\/\/olympeconseil.fr\/wp-content\/uploads\/2024\/10\/Offre-formation-OLYMPE.pdf\"><\/a><a href=\"http:\/\/olympeconseil.fr\/wp-content\/uploads\/2024\/10\/Offre-formation-OLYMPE-2.pdf\">en cliquant ici.<\/a><\/span><\/p>\n<p><span style=\"font-size: large;\"><\/span><\/p>\n<p><span><em><\/em><\/span><\/p>\n<\/div>\n<\/div>\n<\/div>\n<div class=\"et-fb-mousetrap et-fb-mousetrap--module et-fb-mousetrap-move\"><\/div>\n<p><strong style=\"font-size: large;\"><\/strong><\/p>\n<p>[\/et_pb_text][\/et_pb_column][\/et_pb_row][et_pb_row _builder_version=\u00a0\u00bb4.5.3&Prime; _module_preset=\u00a0\u00bbdefault\u00a0\u00bb custom_padding=\u00a0\u00bb4px|||||\u00a0\u00bb][et_pb_column type=\u00a0\u00bb4_4&Prime; _builder_version=\u00a0\u00bb4.5.3&Prime; _module_preset=\u00a0\u00bbdefault\u00a0\u00bb][et_pb_text _builder_version=\u00a0\u00bb4.5.3&Prime; _module_preset=\u00a0\u00bbdefault\u00a0\u00bb custom_padding=\u00a0\u00bb|||45px||\u00a0\u00bb]<\/p>\n<p><span style=\"font-size: medium;\"><b>\ud83d\udcc8<span style=\"font-size: large;\"> Bilans annuels<\/span><\/b><\/span><\/p>\n<p><span style=\"font-size: large;\">Le bilan des actions de formation 2023 est <a href=\"http:\/\/olympeconseil.fr\/wp-content\/uploads\/2024\/10\/Bilan-formation-2023.pdf\">disponible ici<\/a>.<\/span><\/p>\n<p><span style=\"font-size: large;\">Le bilan des actions de formation 2024 est <a href=\"http:\/\/olympeconseil.fr\/wp-content\/uploads\/2024\/12\/Bilan-formation-2024.pdf\">disponible ici.<\/a><\/span><\/p>\n<p><span style=\"font-size: large;\"><\/span><\/p>\n<p><span style=\"font-size: large;\"><\/span><\/p>\n<p><span style=\"font-size: large;\"><strong>\ud83d\udcb0 Tarifs<\/strong><\/span><\/p>\n<p><span style=\"font-size: large;\"><a href=\"http:\/\/olympeconseil.fr\/?page_id=101\">Contactez-nous<\/a> pour obtenir un devis.<\/span><\/p>\n<p><span style=\"font-size: large;\"><\/span><\/p>\n<p><span style=\"font-size: large;\"><\/span><\/p>\n<p><span style=\"font-size: large;\"><strong>\u267f\ufe0f Accessibilit\u00e9 des formations<\/strong><\/span><\/p>\n<ul>\n<li><span style=\"font-size: large;\">Pour chaque formation, Olympe interroge syst\u00e9matiquement ses client\u00b7es sur la pr\u00e9sence de personnes porteuses de handicap afin d\u2019adapter l\u2019animation et ou le contenu si n\u00e9cessaire.<\/span><\/li>\n<li><span style=\"font-size: large;\">Olympe s\u2019engage \u00e0 faire tout son possible pour proposer une solution accessible \u00e0 chacune des situations, en adaptant les salles, l\u2019animation, les supports et les modalit\u00e9s d\u2019\u00e9valuation des formations. Pour cela, Olympe peut mobiliser un r\u00e9seau de partenaires sp\u00e9cialis\u00e9 dans ces domaines.<\/span><\/li>\n<\/ul>\n<p>&nbsp;<\/p>\n<p><span><\/span><\/p>\n<p>&nbsp;<\/p>\n<p>&nbsp;<\/p>\n<p>&nbsp;<\/p>\n<p>&nbsp;<\/p>\n<p>&nbsp;<\/p>\n<p><span><em>Derni\u00e8re actualisation : sept 2024.<\/em><\/span><\/p>\n<p>[\/et_pb_text][\/et_pb_column][\/et_pb_row][\/et_pb_section]<\/p>\n","protected":false},"excerpt":{"rendered":"<p>Olympe \u00e9labore des formations\u00a0et ateliers de sensibilisation en fonction de vos besoins et de vos publics, en pr\u00e9sentiel et en distanciel.<\/p>\n","protected":false},"author":1,"featured_media":0,"parent":0,"menu_order":0,"comment_status":"closed","ping_status":"closed","template":"","meta":{"_et_pb_use_builder":"on","_et_pb_old_content":"","_et_gb_content_width":"","footnotes":""},"class_list":["post-1022","page","type-page","status-publish","hentry"],"_links":{"self":[{"href":"https:\/\/olympeconseil.fr\/index.php?rest_route=\/wp\/v2\/pages\/1022"}],"collection":[{"href":"https:\/\/olympeconseil.fr\/index.php?rest_route=\/wp\/v2\/pages"}],"about":[{"href":"https:\/\/olympeconseil.fr\/index.php?rest_route=\/wp\/v2\/types\/page"}],"author":[{"embeddable":true,"href":"https:\/\/olympeconseil.fr\/index.php?rest_route=\/wp\/v2\/users\/1"}],"replies":[{"embeddable":true,"href":"https:\/\/olympeconseil.fr\/index.php?rest_route=%2Fwp%2Fv2%2Fcomments&post=1022"}],"version-history":[{"count":45,"href":"https:\/\/olympeconseil.fr\/index.php?rest_route=\/wp\/v2\/pages\/1022\/revisions"}],"predecessor-version":[{"id":1270,"href":"https:\/\/olympeconseil.fr\/index.php?rest_route=\/wp\/v2\/pages\/1022\/revisions\/1270"}],"wp:attachment":[{"href":"https:\/\/olympeconseil.fr\/index.php?rest_route=%2Fwp%2Fv2%2Fmedia&parent=1022"}],"curies":[{"name":"wp","href":"https:\/\/api.w.org\/{rel}","templated":true}]}}